c) = -c**3 + 12*c**2 - 7*c - 18. Let y be (-3)/1 - (-322)/23. Let m be g(y). Let w be (-13)/10*6*-5. Calculate the greatest common factor of w and m.
13
Let b be (-50)/50*2/(2/16377*-3). What is the greatest common divisor of b and 159?
53
Let u(d) = d**3 + 32*d**2 - 70*d - 52. Let k be u(-34). Let h be ((-38)/8)/(3/(-12)). Suppose 540 = h*q - k*q. Calculate the highest common factor of q and 18.
18
Suppose f - 3*i = 2 + 39, 0 = -2*f - 5*i + 27. What is the greatest common divisor of 1391 and f?
13
Let d be 92/(-46)*(197/(-2) - 1). Suppose 5*t + 0*g = 4*g + d, 5*g - 73 = -2*t. Calculate the greatest common divisor of t and 247.
13
Let x be (-2)/(-9)*36 + 216. Calculate the highest common divisor of 35 and x.
7
Let n be (-3)/(-3) + (-104)/(-1). Let d be 5/(-2)*(-70 + 40). Let q = n - d. Calculate the highest common divisor of 30 and q.
30
Suppose 126*b - 7236 = 121*b - 2*y, 5*b + 3*y - 7244 = 0. What is the highest common factor of b and 608?
76
Suppose 0 = -15*p + 665 + 2965. Calculate the greatest common factor of 209 and p.
11
Let a = -30544 - -30577. What is the highest common divisor of 453 and a?
3
Let v be (0/1 + 10)*2. Suppose 10*f = 14*f - v. Suppose -5*k + 2*r + 380 = 0, -f*k = -4*r - 255 - 115. Calculate the greatest common factor of 26 and k.
26
Let k(w) = 1398*w + 4566. Let g be k(-3). Calculate the greatest common factor of g and 992.
124
Let n = 7933 - 7779. What is the greatest common divisor of n and 341?
11
Let o = 29 - 28. Suppose -f + j + 16 = 6*j, -f - 14 = -j. Let z be 54 - f - 3*o. Calculate the greatest common divisor of 48 and z.
12
Let h be -4 - (-13 + (-3)/(-3)). Let n(o) = -2*o**2 + 14*o - 2. Let d be n(6). What is the greatest common factor of d and h?
2
Suppose -19*h + 12060 = -4*h. Suppose -10*f + 1156 = -h. Calculate the highest common factor of 28 and f.
28
Suppose -3*z + 0*z + 624 = 5*r, 0 = -3*r + 4*z + 386. Suppose 19*a + 2*a - r = 0. Calculate the highest common divisor of a and 66.
6
Let l(f) = -223*f**3 + f**2 + 3*f - 3. Let u be l(1). Let g = 233 + u. What is the highest common factor of 737 and g?
11
Suppose 5*h - 4*i - 455 = 1877, 3*i + 1866 = 4*h. Suppose 0 = -13*m - 13*m + h. Calculate the highest common factor of m and 6.
6
Let s be 575/460 + 4/(64/700). What is the highest common divisor of 13725 and s?
45
Suppose 34*c + 15 = 39*c. Suppose -15 = w - 20. Suppose -5*f + 3*f = -w*g + 298, c*g - 184 = -4*f. What is the greatest common divisor of g and 15?
15
Let x be ((-56)/21)/(4/12). Let r(k) = -2*k**2 - 10*k + 70. Let j be r(x). What is the highest common factor of j and 528?
22
Suppose 5 - 2 = -2*j - 3*t, -t = 5*j - 12. Let m be ((-2)/(-4))/(j/60). Calculate the highest common divisor of m and 50.
10
Suppose -2*z = -4 - 16. Let r(y) be the first derivative of y**4/4 - 4*y**3 - 2*y**2 - 7*y + 5. Let x be r(13). Calculate the greatest common factor of x and z.
10
Let w be (-224)/672 - (-3145)/3. What is the greatest common divisor of w and 131?
131
Suppose -4*c = -c + 2*c. Suppose 3*l + 15*a - 20*a - 1243 = c, 2*l = 4*a + 828. What is the greatest common divisor of 26 and l?
26
Let q be -3 + 13 - -3*1627. Calculate the greatest common factor of 67 and q.
67
Suppose 2*o + 4*x = 572, 2*o - 2*x - 439 = 121. What is the greatest common divisor of o and 1504?
94
Let f = 47 + -41. Let a(v) = -5*v**3 - 38*v**2 + 8*v - 16. Let j be a(-8). What is the greatest common factor of j and f?
6
Let g be -4 - (-7 - 67) - (-2 + 9). Calculate the highest common divisor of g and 91.
7
Let q be (-16 - (-1508)/91)*84. Calculate the highest common factor of 2704 and q.
16
Let b(z) = -5*z**3 + z**2 - 2*z + 2. Let n be b(1). Let y be 3 + -8 - 32/n*1. What is the greatest common factor of 12 and y?
3
Let n(s) = 40*s - 8. Let x(m) = 39*m - 7. Let c(g) = -6*n(g) + 7*x(g). Let z be c(1). What is the greatest common divisor of z and 16?
16
Let m(p) = -1141*p - 594. Let n be m(-3). What is the highest common divisor of n and 69?
69
Let z(m) = 6*m - 21. Let c be z(4). Suppose -u - 3*t + 5 = 0, -c*u + 4*t + 1 = -14. Suppose -u*k = 4*k - 126. Calculate the greatest common divisor of k and 35.
7
Let j = -612 + 730. What is the greatest common divisor of j and 2655?
59
Suppose -5*l + 590 = 10*x, -4*l + 697 = -5*x + 147. Calculate the highest common divisor of l and 150.
10
Suppose 14 - 41 = -3*c. Let v = -889 - -630. Let f = v + 268. Calculate the greatest common factor of f and c.
9
Let p = 1607 - 1612. Let k(w) = -4 + w**3 - w - 10*w + 4*w**2 - 23. Let s be k(p). What is the highest common divisor of 15 and s?
3
Suppose 5*h = -51 - 29. Let z = -5 - h. Let i(w) = -w**3 + 6*w**2 + 37*w - 1. Let m be i(-4). Calculate the highest common factor of m and z.
11
Suppose -37*z + 35*z + 12 = 0, 2*k - 5*z = 240. What is the greatest common divisor of 4509 and k?
27
Let y(m) = -m**3 - 28*m**2 - 14*m + 182. Let j be y(-29). Let i = -929 + j. What is the highest common factor of 20 and i?
20
Let p(q) = -4*q + 144. Let z be p(-13). Let v be 8 + -7 + 2 + 159/3. Calculate the greatest common divisor of z and v.
28
Let n(x) = -4*x**3 - 5*x**2 - 11*x - 5. Let a be n(-2). Suppose -2 + 17 = 5*w. Calculate the greatest common factor of a and w.
1
Let t = -35 - -33. Let m be t - (-86 - (0 + 6)). Calculate the greatest common divisor of m and 72.
18
Suppose 0 = -2*y - 5*v + 185, 5*y - 4*v - 445 - 1 = 0. What is the highest common factor of y and 4230?
90
Let l(w) = w - 3. Let k be l(3). Let u(a) = a**2 + 19*a - 242. Let c be u(-30). Suppose -10*t + c + 262 = k. What is the greatest common factor of t and 14?
7
Suppose 1023 - 3531 = -3*q. Suppose q = -3*h + 25*h. Calculate the greatest common factor of h and 38.
38
Let b(q) = q + 26. Suppose 11*w = 542 + 503. Suppose -82 = -g - w. Let c be b(g). Calculate the greatest common divisor of c and 143.
13
Let u be (128/(-40))/(12/(-2430)). What is the highest common divisor of 2016 and u?
72
Let y be (1/(-4)*46)/(5/(-10)). Let s(m) = -m**2 + 2*m - 3. Let j be s(3). Let v be ((-196)/j - 2)*3. Calculate the highest common divisor of y and v.
23
Suppose 95962 + 24574 = 19*r. What is the greatest common factor of r and 26?
26
Let s = -35 - -38. Let y(f) = f + 5. Let q be y(s). Let b be 20/q*((-7)/(-5) - -1). Calculate the greatest common divisor of 18 and b.
6
Let q = 25072 - 24816. What is the greatest common factor of 3008 and q?
64
Suppose 488*x + 16 = 489*x - 4*o, -2*x + 3*o = -62. What is the greatest common factor of 92 and x?
4
Let h be 13/(-2)*((17 - 31) + 16)*-1540. What is the highest common factor of h and 154?
154
Suppose 41307 - 25301 = 474*l - 25706. Calculate the greatest common factor of l and 2856.
8
Let s be 34/(-2)*-1 + -2. Let m(x) = -x**2 - 15*x + 42. Let f be m(-17). Suppose -2*q + 300 = f*q. Calculate the greatest common factor of q and s.
15
Suppose 5*u = 25, 336 = 2*w - 2*u - 332. What is the highest common factor of 1808 and w?
113
Let v be (-6)/(-1) - -373 - (-12 - (-24)/4). Calculate the greatest common divisor of v and 90.
5
Let b(r) = 3*r**2 - 9*r + 7. Suppose 55*p + 1 = 56*p. Let u be b(p). Calculate the greatest common divisor of 7 and u.
1
Let s be 777/(2 + 30/(-18)). Suppose 22*i = s + 2817. Calculate the greatest common factor of 78 and i.
78
Suppose 0 = 4*n - 4*v + 1128 - 4108, -5*v - 10 = 0. Let k = 754 - n. What is the highest common divisor of 3 and k?
1
Suppose c + 0*c - n + 5 = 0, -1 = -4*c - 3*n. Suppose -6037 = -j - 6154. Let i be c*(-3)/(-39) + (-5634)/j. Calculate the highest common divisor of i and 32.
16
Let x = 174 + 105. Let g = -167 + x. Calculate the highest common divisor of g and 16.
16
Let k be -56*(-13 + (-132)/28). What is the greatest common factor of k and 24?
8
Suppose -36*b - 13 = -37*b. Suppose -7334 + 2251 = -17*u. What is the highest common factor of u and b?
13
Let n(r) = -r**2 - 60*r - 639. Let v be n(-27). Calculate the greatest common divisor of 1827 and v.
63
Let k = -13852 + 16608. Calculate the highest common divisor of k and 416.
52
Suppose -4*o = 4*m + m - 46, 4*o = -3*m + 34. Let l(s) = s**2 + 8*s - 25. Let v be l(3). Calculate the greatest common divisor of v and m.
2
Suppose -20*n - 900 = -180. Let m be 40/(-10)*n/8. Suppose 2*t - 160 = -4*f, 3*f = 2*f - t + 38. What is the greatest common divisor of f and m?
6
Suppose 13*n + 27 = 17*n + 3*